{"id":140,"date":"2021-12-23T12:14:58","date_gmt":"2021-12-23T11:14:58","guid":{"rendered":"https:\/\/demosites.royal-elementor-addons.com\/nature-v1\/?page_id=140"},"modified":"2026-02-04T22:02:27","modified_gmt":"2026-02-04T21:02:27","slug":"chi-siamo","status":"publish","type":"page","link":"https:\/\/www.museofungoceva.it\/index.php\/chi-siamo\/","title":{"rendered":"Chi Siamo?"},"content":{"rendered":"\t\t<div data-elementor-type=\"wp-page\" data-elementor-id=\"140\" class=\"elementor elementor-140\" data-elementor-post-type=\"page\">\n\t\t\t\t\t\t<section class=\"elementor-section elementor-top-section elementor-element elementor-element-29fe310 elementor-section-boxed elementor-section-height-default elementor-section-height-default wpr-particle-no wpr-jarallax-no wpr-parallax-no wpr-sticky-section-no wpr-column-slider-no wpr-equal-height-no\" data-id=\"29fe310\" data-element_type=\"section\">\n\t\t\t\t\t\t<div class=\"elementor-container elementor-column-gap-default\">\n\t\t\t\t\t<div class=\"elementor-column elementor-col-100 elementor-top-column elementor-element elementor-element-4cbac13\" data-id=\"4cbac13\" data-element_type=\"column\">\n\t\t\t<div class=\"elementor-widget-wrap elementor-element-populated\">\n\t\t\t\t\t\t<div class=\"elementor-element elementor-element-d32fd56 elementor-widget elementor-widget-html\" data-id=\"d32fd56\" data-element_type=\"widget\" data-widget_type=\"html.default\">\n\t\t\t\t<div class=\"elementor-widget-container\">\n\t\t\t\t\t<section class=\"mfc-about mfc-anim\">\n  <div class=\"mfc-about__inner\">\n    <div class=\"mfc-kicker\" data-aos=\"fade-up\">Chi siamo<\/div>\n    <h2 data-aos=\"fade-up\" data-aos-delay=\"100\">Una storia di passione micologica a Ceva<\/h2>\n    <p data-aos=\"fade-up\" data-aos-delay=\"200\">\n      Nel cuore di Ceva, laddove risuonano le echi di una storia che ha inizio oltre 400 anni fa, nel 1612, con la presenza\n      dei Cappuccini, una nuova tradizione ha preso vita nel 1962: la fondazione del Gruppo Micologico Cebano. Questa passione\n      radicata per il mondo fungino ha portato, in quell\u2019anno, alla nascita del nostro Museo. Da allora, ogni terza domenica di\n      settembre, abbiamo celebrato l\u2019unicit\u00e0 e la magia dei funghi, rendendola un appuntamento irrinunciabile per tutti gli\n      amanti di questo regno misterioso.\n    <\/p>\n    <p data-aos=\"fade-up\" data-aos-delay=\"250\">\n      La genesi del museo risale a un gruppo di amici, uniti da un profondo amore per la natura e la magia del sottobosco.\n      Questa passione comune ha dato vita alla Mostra del Fungo, un evento che, nel corso degli anni, \u00e8 cresciuto in popolarit\u00e0\n      e importanza. Da una semplice esibizione di una piccola raccolta di esemplari, la mostra si \u00e8 evoluta in un palcoscenico\n      internazionale, diventando un crocevia per studiosi e appassionati da ogni parte del mondo.\n    <\/p>\n    <p data-aos=\"fade-up\" data-aos-delay=\"300\">\n      Mentre il Museo del Fungo \u00e8 ancora in fase di realizzazione negli allestimenti interni, il nostro impegno e la nostra\n      dedizione sono tangibili in ogni angolo. Grazie all\u2019incessante lavoro del Gruppo Micologico Cebano, il museo non \u00e8 solo una\n      mostra annuale, ma diviene una testimonianza vivente del nostro impegno per la divulgazione e la tutela del patrimonio\n      micologico. Con orgoglio, ci proponiamo come punto di riferimento per gli studiosi, sia italiani che stranieri,\n      contribuendo attivamente alla crescita della conoscenza e dell\u2019apprezzamento dei funghi.\n    <\/p>\n    <p data-aos=\"fade-up\" data-aos-delay=\"350\">\n      Ti invitiamo a unirti a noi in questo entusiasmante viaggio alla scoperta del mondo fungino. Esplora le sue meraviglie,\n      immergiti nella sapienza dei migliori esperti del settore e diventa parte di una comunit\u00e0, una famiglia, un luogo di\n      continua scoperta. Il Museo del Fungo di Ceva \u00e8 molto pi\u00f9 di una semplice esposizione: \u00e8 un patrimonio da condividere.\n    <\/p>\n  <\/div>\n<\/section>\n\n<section class=\"mfc-values mfc-anim\">\n  <div class=\"mfc-values__inner\">\n    <div class=\"mfc-kicker\" data-aos=\"fade-up\">I nostri valori<\/div>\n    <h2 data-aos=\"fade-up\" data-aos-delay=\"100\">Ci\u00f2 che ci guida ogni giorno<\/h2>\n    <div class=\"mfc-values__grid\">\n      <div class=\"mfc-value\" data-aos=\"fade-up\" data-aos-delay=\"150\">\n        <h3>Conoscenza<\/h3>\n        <p>Promuoviamo lo studio micologico con rigore scientifico e divulgazione accessibile.<\/p>\n      <\/div>\n      <div class=\"mfc-value\" data-aos=\"fade-up\" data-aos-delay=\"200\">\n        <h3>Tutela<\/h3>\n        <p>Proteggiamo il patrimonio naturale locale attraverso educazione e responsabilit\u00e0.<\/p>\n      <\/div>\n      <div class=\"mfc-value\" data-aos=\"fade-up\" data-aos-delay=\"250\">\n        <h3>Comunit\u00e0<\/h3>\n        <p>Coltiviamo un luogo di incontro per appassionati, studiosi e famiglie.<\/p>\n      <\/div>\n    <\/div>\n  <\/div>\n<\/section>\n\n<section class=\"mfc-timeline mfc-anim\">\n  <div class=\"mfc-timeline__inner\">\n    <div class=\"mfc-kicker\" data-aos=\"fade-up\">La storia del museo<\/div>\n    <h2 data-aos=\"fade-up\" data-aos-delay=\"100\">Il convento dei Cappuccini, per sempre nel cuore dei cebani<\/h2>\n\n    <div class=\"mfc-timeline__track\">\n      <div class=\"mfc-timeline__item\" data-aos=\"fade-left\">\n        <div class=\"mfc-timeline__marker\"><\/div>\n        <div class=\"mfc-timeline__year\">1577\u20131582<\/div>\n        <div class=\"mfc-timeline__content\">\n          Nel 1577 Eleonora della Rovere acquist\u00f2 terre per i Padri Cappuccini. Convento e chiesa furono completati nel 1582.\n        <\/div>\n      <\/div>\n\n      <div class=\"mfc-timeline__item\" data-aos=\"fade-left\" data-aos-delay=\"100\">\n        <div class=\"mfc-timeline__marker\"><\/div>\n        <div class=\"mfc-timeline__year\">1709\u20131712<\/div>\n        <div class=\"mfc-timeline__content\">\n          La struttura venne quasi totalmente ripristinata con importanti lavori di restauro.\n        <\/div>\n      <\/div>\n\n      <div class=\"mfc-timeline__item\" data-aos=\"fade-left\" data-aos-delay=\"200\">\n        <div class=\"mfc-timeline__marker\"><\/div>\n        <div class=\"mfc-timeline__year\">1802\u20131866<\/div>\n        <div class=\"mfc-timeline__content\">\n          Soppressioni religiose, chiusura del monastero e confisca dei beni ecclesiastici.\n        <\/div>\n      <\/div>\n\n      <div class=\"mfc-timeline__item\" data-aos=\"fade-left\" data-aos-delay=\"300\">\n        <div class=\"mfc-timeline__marker\"><\/div>\n        <div class=\"mfc-timeline__year\">1903\u20131912<\/div>\n        <div class=\"mfc-timeline__content\">\n          Don Eugenio Michelotti riscatt\u00f2 il convento; rientro dei frati piemontesi.\n        <\/div>\n      <\/div>\n\n      <div class=\"mfc-timeline__item mfc-timeline__item--today\" data-aos=\"fade-left\" data-aos-delay=\"400\">\n        <div class=\"mfc-timeline__marker mfc-timeline__marker--today\"><\/div>\n        <div class=\"mfc-timeline__year\">2012\u2013Oggi<\/div>\n        <div class=\"mfc-timeline__content\">\n          Chiusura del convento e rinascita culturale: il Museo del Fungo custodisce la memoria e il futuro.\n        <\/div>\n      <\/div>\n    <\/div>\n  <\/div>\n<\/section>\n\n<section class=\"mfc-arts mfc-anim\">\n  <div class=\"mfc-arts__inner\">\n    <div class=\"mfc-kicker\" data-aos=\"fade-up\">Arte e architettura<\/div>\n    <h2 data-aos=\"fade-up\" data-aos-delay=\"100\">Un patrimonio che parla di fede e bellezza<\/h2>\n    <p data-aos=\"fade-up\" data-aos-delay=\"200\">\n      La facciata della chiesa attuale \u00e8 composta da un corpo centrale che avanza lievemente tra i due corpi laterali provvisti\n      di finestre. Ai lati, quattro pannelli dipinti che raffigurano episodi della vita di San Francesco. Davanti alla chiesa vi\n      \u00e8 un largo sagrato e a destra la riproduzione della Grotta di Lourdes, voluta da padre Michelotti, nel 1915. Tre le navate.\n      A met\u00e0 di quelle laterali vi sono due altari con ancone del Settecento. I due grandi affreschi ai lati dell\u2019altare\n      maggiore sono stati realizzati nel 1924 da Paolo Giovanni Crida: a destra il miracolo del Santissimo Sacramento durante\n      l\u2019inondazione del torrente Cevetta nel luglio 1584, a sinistra l\u2019esaltazione del Terzo Ordine di San Francesco.\n      Particolarmente cari al cuore dei fedeli la statua di Maria Bambina e quella di Padre Pio da Pietrelcina.\n    <\/p>\n  <\/div>\n<\/section>\n\n<style>\n  :root {\n    --green: #2F6B4C;\n    --green-dark: #214A35;\n    --green-light: #3D8A63;\n    --orange: #D78E3A;\n    --orange-light: #E6A557;\n    --light: #F7F6F2;\n    --white: #FFFFFF;\n    --text: #2B2B2B;\n    --text-light: #666666;\n    --shadow-sm: 0 2px 8px rgba(0,0,0,0.08);\n    --shadow-md: 0 8px 24px rgba(0,0,0,0.12);\n    --shadow-lg: 0 16px 48px rgba(0,0,0,0.16);\n  }\n\n  .mfc-kicker {\n    text-transform: uppercase;\n    letter-spacing: 0.2em;\n    font-size: 0.75rem;\n    font-weight: 600;\n    color: var(--orange);\n    margin-bottom: 1rem;\n  }\n\n  .mfc-about,\n  .mfc-values,\n  .mfc-timeline,\n  .mfc-arts {\n    padding: 6rem 2rem;\n    position: relative;\n    overflow: hidden;\n  }\n\n  .mfc-about {\n    background: linear-gradient(180deg, #fff, var(--light));\n  }\n\n  .mfc-arts {\n    background: var(--white);\n  }\n\n  .mfc-anim::before {\n    content: '';\n    position: absolute;\n    inset: 0;\n    background-image:\n      radial-gradient(1200px 400px at 80% -10%, rgba(215,142,58,0.12), transparent),\n      radial-gradient(900px 300px at -10% 30%, rgba(47,107,76,0.12), transparent);\n    pointer-events: none;\n  }\n\n  .mfc-about__inner,\n  .mfc-values__inner,\n  .mfc-timeline__inner,\n  .mfc-arts__inner {\n    max-width: 1000px;\n    margin: 0 auto;\n    position: relative;\n    z-index: 1;\n  }\n\n  .mfc-about h2,\n  .mfc-values h2,\n  .mfc-timeline h2,\n  .mfc-arts h2 {\n    font-family: 'Playfair Display', serif;\n    font-weight: 700;\n    line-height: 1.2;\n    font-size: clamp(2.25rem, 4vw, 3.5rem);\n    margin: 0 0 1.5rem 0;\n    color: var(--text);\n  }\n\n  .mfc-about p,\n  .mfc-arts p {\n    font-size: 1.1rem;\n    line-height: 1.9;\n    color: var(--text-light);\n    margin: 0 0 1.75rem 0;\n  }\n\n  \/* VALUES *\/\n  .mfc-values {\n    background: var(--white);\n  }\n  .mfc-values__grid {\n    display: grid;\n    grid-template-columns: repeat(auto-fit, minmax(220px, 1fr));\n    gap: 1.5rem;\n  }\n  .mfc-value {\n    background: var(--light);\n    border: 1px solid rgba(47,107,76,0.12);\n    border-radius: 16px;\n    padding: 1.75rem;\n    box-shadow: var(--shadow-sm);\n  }\n  .mfc-value h3 {\n    font-family: 'Playfair Display', serif;\n    margin: 0 0 0.75rem 0;\n    color: var(--green);\n  }\n  .mfc-value p {\n    margin: 0;\n    color: var(--text-light);\n    line-height: 1.7;\n  }\n\n  \/* TIMELINE *\/\n  .mfc-timeline {\n    background: var(--light);\n  }\n  .mfc-timeline__track {\n    position: relative;\n    padding-left: 3rem;\n    margin-top: 2.5rem;\n  }\n  .mfc-timeline__track::before {\n    content: '';\n    position: absolute;\n    left: 11px;\n    top: 0;\n    bottom: 0;\n    width: 3px;\n    background: linear-gradient(to bottom, var(--green), var(--orange));\n  }\n  .mfc-timeline__item {\n    position: relative;\n    padding: 2rem 0 2rem 2rem;\n  }\n  .mfc-timeline__marker {\n    position: absolute;\n    left: -3rem;\n    top: 2.5rem;\n    width: 24px;\n    height: 24px;\n    border-radius: 50%;\n    background: var(--green);\n    border: 4px solid var(--light);\n    box-shadow: 0 0 0 4px var(--white);\n  }\n  .mfc-timeline__marker--today {\n    background: var(--orange);\n  }\n  .mfc-timeline__year {\n    font-weight: 700;\n    color: var(--green);\n    font-size: 1.1rem;\n    margin-bottom: 0.75rem;\n    font-family: 'Playfair Display', serif;\n  }\n  .mfc-timeline__item--today .mfc-timeline__year {\n    color: var(--orange);\n  }\n  .mfc-timeline__content {\n    background: var(--white);\n    padding: 1.5rem 1.75rem;\n    border-radius: 12px;\n    box-shadow: var(--shadow-sm);\n    color: var(--text-light);\n    line-height: 1.8;\n  }\n\n  \/* AOS-like *\/\n  [data-aos] {\n    opacity: 0;\n    transform: translateY(24px);\n    transition: opacity 0.8s ease, transform 0.8s ease;\n  }\n  [data-aos].aos-animate {\n    opacity: 1;\n    transform: translateY(0);\n  }\n  [data-aos=\"fade-left\"] { transform: translateX(30px); }\n  [data-aos=\"fade-left\"].aos-animate { transform: translateX(0); }\n\n  @media (max-width: 768px) {\n    .mfc-about,\n    .mfc-values,\n    .mfc-timeline,\n    .mfc-arts {\n      padding: 4rem 1.5rem;\n    }\n    .mfc-timeline__track { padding-left: 2rem; }\n    .mfc-timeline__track::before { left: 7px; }\n    .mfc-timeline__marker { left: -2rem; width: 18px; height: 18px; }\n  }\n<\/style>\n\n<script>\n  (function() {\n    const observer = new IntersectionObserver((entries) => {\n      entries.forEach(entry => {\n        if (entry.isIntersecting) {\n          entry.target.classList.add('aos-animate');\n        }\n      });\n    }, { threshold: 0.1, rootMargin: '0px 0px -50px 0px' });\n\n    document.querySelectorAll('[data-aos]').forEach(el => observer.observe(el));\n  })();\n<\/script>\n\t\t\t\t<\/div>\n\t\t\t\t<\/div>\n\t\t\t\t\t<\/div>\n\t\t<\/div>\n\t\t\t\t\t<\/div>\n\t\t<\/section>\n\t\t\t\t<\/div>\n\t\t","protected":false},"excerpt":{"rendered":"<p>Chi siamo Una storia di passione micologica a Ceva Nel cuore di Ceva, laddove risuonano le echi di una storia che ha inizio oltre 400 anni fa, nel 1612, con la presenza dei Cappuccini, una nuova tradizione ha preso vita nel 1962: la fondazione del Gruppo Micologico Cebano. Questa passione radicata per il mondo fungino ha portato, in quell\u2019anno, alla nascita del nostro Museo. Da allora, ogni terza domenica di settembre, abbiamo celebrato l\u2019unicit\u00e0 e la magia dei funghi, rendendola un appuntamento irrinunciabile per tutti gli amanti di questo regno misterioso. La genesi del museo risale a un gruppo di amici, uniti da un profondo amore per la natura e la magia del sottobosco. Questa passione comune ha dato vita alla Mostra del Fungo, un evento che, nel corso degli anni, \u00e8 cresciuto in popolarit\u00e0 e importanza. Da una semplice esibizione di una piccola raccolta di esemplari, la mostra si \u00e8 evoluta in un palcoscenico internazionale, diventando un crocevia per studiosi e appassionati da ogni parte del mondo. Mentre il Museo del Fungo \u00e8 ancora in fase di realizzazione negli allestimenti interni, il nostro impegno e la nostra dedizione sono tangibili in ogni angolo. Grazie all\u2019incessante lavoro del Gruppo Micologico Cebano, il museo non \u00e8 solo una mostra annuale, ma diviene una testimonianza vivente del nostro impegno per la divulgazione e la tutela del patrimonio micologico. Con orgoglio, ci proponiamo come punto di riferimento per gli studiosi, sia italiani che stranieri, contribuendo attivamente alla crescita della conoscenza e dell\u2019apprezzamento dei funghi. Ti invitiamo a unirti a noi in questo entusiasmante viaggio alla scoperta del mondo fungino. Esplora le sue meraviglie, immergiti nella sapienza dei migliori esperti del settore e diventa parte di una comunit\u00e0, una famiglia, un luogo di continua scoperta. Il Museo del Fungo di Ceva \u00e8 molto pi\u00f9 di una semplice esposizione: \u00e8 un patrimonio da condividere. I nostri valori Ci\u00f2 che ci guida ogni giorno Conoscenza Promuoviamo lo studio micologico con rigore scientifico e divulgazione accessibile. Tutela Proteggiamo il patrimonio naturale locale attraverso educazione e responsabilit\u00e0. Comunit\u00e0 Coltiviamo un luogo di incontro per appassionati, studiosi e famiglie. La storia del museo Il convento dei Cappuccini, per sempre nel cuore dei cebani 1577\u20131582 Nel 1577 Eleonora della Rovere acquist\u00f2 terre per i Padri Cappuccini. Convento e chiesa furono completati nel 1582. 1709\u20131712 La struttura venne quasi totalmente ripristinata con importanti lavori di restauro. 1802\u20131866 Soppressioni religiose, chiusura del monastero e confisca dei beni ecclesiastici. 1903\u20131912 Don Eugenio Michelotti riscatt\u00f2 il convento; rientro dei frati piemontesi. 2012\u2013Oggi Chiusura del convento e rinascita culturale: il Museo del Fungo custodisce la memoria e il futuro. Arte e architettura Un patrimonio che parla di fede e bellezza La facciata della chiesa attuale \u00e8 composta da un corpo centrale che avanza lievemente tra i due corpi laterali provvisti di finestre. Ai lati, quattro pannelli dipinti che raffigurano episodi della vita di San Francesco. Davanti alla chiesa vi \u00e8 un largo sagrato e a destra la riproduzione della Grotta di Lourdes, voluta da padre Michelotti, nel 1915. Tre le navate. A met\u00e0 di quelle laterali vi sono due altari con ancone del Settecento. I due grandi affreschi ai lati dell\u2019altare maggiore sono stati realizzati nel 1924 da Paolo Giovanni Crida: a destra il miracolo del Santissimo Sacramento durante l\u2019inondazione del torrente Cevetta nel luglio 1584, a sinistra l\u2019esaltazione del Terzo Ordine di San Francesco. Particolarmente cari al cuore dei fedeli la statua di Maria Bambina e quella di Padre Pio da Pietrelcina.<\/p>\n","protected":false},"author":1,"featured_media":0,"parent":0,"menu_order":0,"comment_status":"closed","ping_status":"closed","template":"elementor_canvas","meta":{"footnotes":""},"class_list":["post-140","page","type-page","status-publish","hentry"],"_links":{"self":[{"href":"https:\/\/www.museofungoceva.it\/index.php\/wp-json\/wp\/v2\/pages\/140","targetHints":{"allow":["GET"]}}],"collection":[{"href":"https:\/\/www.museofungoceva.it\/index.php\/wp-json\/wp\/v2\/pages"}],"about":[{"href":"https:\/\/www.museofungoceva.it\/index.php\/wp-json\/wp\/v2\/types\/page"}],"author":[{"embeddable":true,"href":"https:\/\/www.museofungoceva.it\/index.php\/wp-json\/wp\/v2\/users\/1"}],"replies":[{"embeddable":true,"href":"https:\/\/www.museofungoceva.it\/index.php\/wp-json\/wp\/v2\/comments?post=140"}],"version-history":[{"count":25,"href":"https:\/\/www.museofungoceva.it\/index.php\/wp-json\/wp\/v2\/pages\/140\/revisions"}],"predecessor-version":[{"id":1461,"href":"https:\/\/www.museofungoceva.it\/index.php\/wp-json\/wp\/v2\/pages\/140\/revisions\/1461"}],"wp:attachment":[{"href":"https:\/\/www.museofungoceva.it\/index.php\/wp-json\/wp\/v2\/media?parent=140"}],"curies":[{"name":"wp","href":"https:\/\/api.w.org\/{rel}","templated":true}]}}